isor of 255889244 and 2444.
2444
What is the greatest common divisor of 583 and 799505?
53
What is the greatest common factor of 437143 and 29747?
197
Calculate the highest common factor of 1851045 and 976.
61
What is the greatest common divisor of 1960 and 10672340?
140
What is the highest common factor of 1339 and 237029?
13
Calculate the greatest common factor of 1216 and 708800320.
1216
What is the greatest common factor of 94879572 and 2698?
142
Calculate the highest common factor of 7651 and 117313.
7
What is the highest common divisor of 4587878 and 36068?
142
Calculate the greatest common factor of 9037248 and 2816.
704
Calculate the greatest common divisor of 106944 and 8196.
12
Calculate the highest common divisor of 13 and 38317253.
13
Calculate the greatest common divisor of 257754 and 3594.
6
What is the greatest common factor of 7030153 and 182?
13
What is the highest common factor of 7351794 and 8?
2
What is the highest common divisor of 350 and 2938166?
14
What is the greatest common factor of 1118732163 and 4782?
2391
Calculate the greatest common factor of 88309488 and 600.
24
Calculate the greatest common divisor of 2968 and 217756.
28
Calculate the greatest common divisor of 76591 and 4033538.
191
Calculate the greatest common factor of 31414 and 490646.
226
What is the greatest common factor of 36064 and 8307278?
322
What is the greatest common factor of 6245018 and 7384?
1846
What is the greatest common divisor of 55 and 331768404?
11
What is the highest common factor of 134 and 506663782?
134
What is the highest common factor of 153200 and 119200?
400
What is the highest common divisor of 136 and 33663944?
136
Calculate the greatest common divisor of 130112 and 22415216.
1712
Calculate the highest common factor of 670860 and 24660.
180
What is the greatest common divisor of 21078260 and 620?
20
What is the greatest common divisor of 22833595 and 1955?
115
Calculate the greatest common divisor of 7921376 and 15330.
146
Calculate the greatest common divisor of 1587367 and 1853.
109
What is the greatest common divisor of 1473894 and 4464?
18
What is the highest common divisor of 60 and 11024592?
12
Calculate the highest common divisor of 383598 and 265731.
303
What is the highest common divisor of 735 and 7189966?
49
What is the greatest common divisor of 13913116 and 28?
28
Calculate the highest common divisor of 588 and 41043156.
84
Calculate the highest common factor of 176380783 and 2144.
67
Calculate the greatest common factor of 26384596 and 791.
791
What is the highest common divisor of 5589752 and 1120?
56
What is the highest common divisor of 596600 and 4?
4
Calculate the greatest common divisor of 19133 and 17755.
53
Calculate the greatest common divisor of 656 and 3138304.
656
Calculate the greatest common factor of 182 and 9319590.
14
Calculate the greatest common factor of 2082351 and 20803.
293
What is the highest common divisor of 534 and 12453147?
267
Calculate the highest common divisor of 1053 and 3959163.
117
What is the greatest common factor of 857 and 41971575?
857
Calculate the greatest common divisor of 64476880 and 608.
304
Calculate the highest common factor of 6168 and 11630535.
771
Calculate the greatest common factor of 406751304 and 12.
12
What is the greatest common divisor of 235732914 and 366?
366
What is the greatest common factor of 255 and 24270420?
15
Calculate the highest common divisor of 48 and 806694.
6
Calculate the greatest common factor of 74129586 and 6226.
566
What is the highest common factor of 216 and 925173?
9
What is the greatest common divisor of 386 and 263180783?
193
What is the greatest common divisor of 193848 and 6945072?
984
Calculate the highest common factor of 64236200 and 350.
350
What is the greatest common factor of 434088 and 408?
24
Calculate the highest common divisor of 22509 and 4608.
9
Calculate the highest common divisor of 29634240 and 810.
30
Calculate the highest common factor of 16473382 and 2.
2
Calculate the highest common factor of 1298 and 24312189.
649
What is the greatest common divisor of 370 and 11966984?
74
What is the greatest common divisor of 21 and 29995035?
21
What is the greatest common divisor of 9208227 and 219891?
777
Calculate the greatest common divisor of 8946 and 22216397.
497
Calculate the greatest common factor of 137451122 and 195814.
10306
Calculate the greatest common divisor of 147419898 and 456.
114
What is the greatest common divisor of 2854887 and 1617?
147
Calculate the greatest common factor of 12048 and 461884.
4
Calculate the greatest common divisor of 2983 and 4291909.
157
Calculate the highest common divisor of 16323192 and 216.
72
What is the highest common factor of 2282798 and 67706?
194
Calculate the highest common factor of 10388560 and 1120.
560
What is the highest common factor of 452 and 23283537?
113
Calculate the highest common factor of 6798594 and 9051.
1293
What is the highest common divisor of 5 and 510644?
1
What is the greatest common divisor of 117420 and 812640?
60
Calculate the highest common factor of 1244 and 87662192.
1244
Calculate the greatest common factor of 5003162 and 144192.
1502
What is the highest common factor of 74035312 and 240?
16
What is the greatest common factor of 76 and 302053564?
76
Calculate the greatest common divisor of 2754 and 7533972.
162
What is the highest common divisor of 4354 and 94682?
14
Calculate the highest common divisor of 28197 and 409459.
241
Calculate the greatest common divisor of 18070 and 671970.
130
Calculate the greatest common factor of 7495466 and 605.
121
What is the highest common divisor of 17762508 and 36?
36
Calculate the greatest common divisor of 41810 and 180190.
370
Calculate the highest common factor of 273680 and 160545.
55
Calculate the highest common divisor of 11947 and 1147831.
919
Calculate the highest common factor of 356 and 86844.
4
Calculate the greatest common divisor of 520 and 9066330.
130
Calculate the highest common factor of 328373789 and 19.
19
Calculate the greatest common factor of 49308651 and 1071.
63
What is the greatest common divisor of 20774 and 6089837?
611
Calculate the greatest common divisor of 4665588 and 3398506.
3098
Calculate the highest common divisor of 977 and 3997428718.
977
What is the highest common divisor of 304 and 1160864?
16
What is the highest common divisor of 536 and 1308979?
67
What is the greatest common divisor of 4755 and 15720?
15
What is the highest common divisor of 100 and 71040580?
20
Calculate the highest common factor of 1830 and 7763470.
610
Calculate the greatest common factor of 35080800 and 60912.
2256
What is the greatest common divisor of 182 and 151853?
13
What is the greatest common factor of 77308 and 843304?
308
Calculate the highest common factor of 336327 and 546334.
1579
Calculate the greatest common divisor of 13359 and 1238883.
219
What is the highest common factor of 45655 and 7613?
23
What is the highest common factor of 7009654 and 17730?
394
What is the highest common factor of 21964250 and 14018?
326
What is the highest common divisor of 3436 and 251859659?
859
What is the greatest common divisor of 518 and 57504475?
259
Calculate the greatest common divisor of 6203580 and 24.
12
What is the highest common divisor of 1323262628 and 188?
188
Calculate the highest common divisor of 1375792 and 21472.
176
What is the highest common divisor of 164904 and 58288?
8
Calculate the highest common divisor of 10119742 and 46531.
1501
Calculate the greatest common factor of 15795000 and 14755.
65
What is the greatest common factor of 229084 and 2288?
4
Calculate the highest common factor of 196 and 7716716.
196
What is the highest common divisor of 1635504 and 576888?
312
Calculate the greatest common divisor of 540 and 76141755.
135
Calculate the greatest common divisor of 7869 and 226911.
129
Calculate the greatest common factor of 51078060 and 36.
36
What is the highest common divisor of 578 and 2468434?
34
What is the highest common divisor of 127155622 and 66?
22
What is the highest common factor of 3443 and 1250122?
313
Calculate the greatest common factor of 6478350 and 450.
150
Calculate the greatest common divisor of 269 and 1409006129.
269
Calculate the grea